122360.
8
Calculate the highest common divisor of 6622 and 13803.
43
What is the highest common divisor of 814 and 15476582?
814
What is the highest common factor of 26 and 6164899?
13
What is the highest common factor of 1500 and 13440?
60
What is the greatest common factor of 11400 and 1026?
114
What is the greatest common divisor of 225953 and 182?
91
What is the highest common divisor of 2648 and 472?
8
Calculate the highest common factor of 750 and 5779500.
750
What is the highest common factor of 13320 and 160?
40
Calculate the greatest common divisor of 48 and 11604.
12
What is the greatest common divisor of 499191 and 11?
11
Calculate the highest common divisor of 33 and 94952.
11
What is the greatest common factor of 416 and 4745?
13
What is the greatest common divisor of 5 and 7592735?
5
Calculate the greatest common factor of 1412592 and 240.
48
What is the highest common factor of 6699 and 84?
21
Calculate the highest common divisor of 658750 and 4216.
1054
Calculate the greatest common factor of 7959464 and 8.
8
What is the highest common divisor of 6409 and 18241?
493
What is the highest common factor of 1336428 and 36?
36
Calculate the highest common divisor of 1267929 and 117.
117
Calculate the greatest common divisor of 24 and 127032.
24
Calculate the highest common factor of 12253 and 1.
1
Calculate the highest common factor of 3635 and 540.
5
What is the greatest common divisor of 116 and 19343?
29
Calculate the greatest common factor of 40838 and 126.
14
Calculate the highest common divisor of 1253 and 546.
7
What is the highest common divisor of 10642 and 748?
34
What is the highest common factor of 290194 and 10114?
778
What is the greatest common factor of 1653 and 1006126?
551
What is the highest common divisor of 2835 and 28485?
135
Calculate the highest common divisor of 76 and 38874.
38
Calculate the greatest common divisor of 530045 and 7945.
1135
What is the greatest common factor of 702 and 27846?
234
What is the highest common factor of 11 and 4173851?
11
Calculate the highest common factor of 4128 and 12984.
24
Calculate the highest common factor of 1326 and 419679.
663
What is the greatest common divisor of 113332 and 116?
116
Calculate the highest common divisor of 50 and 12575.
25
What is the highest common divisor of 620178 and 18?
6
What is the highest common factor of 375 and 9525?
75
What is the highest common divisor of 10499 and 49?
1
Calculate the highest common factor of 1392 and 91524.
348
Calculate the greatest common factor of 499728 and 3016.
232
Calculate the highest common divisor of 973 and 2137681.
973
What is the highest common divisor of 32095 and 140?
35
What is the highest common divisor of 3901 and 8272?
47
What is the greatest common factor of 5545 and 1?
1
Calculate the greatest common factor of 110448 and 11682.
1062
What is the greatest common factor of 419445 and 8365?
1195
Calculate the highest common divisor of 100982 and 238.
14
Calculate the highest common divisor of 509922 and 171.
171
What is the highest common divisor of 552413 and 1492?
373
Calculate the greatest common factor of 16 and 153112.
8
Calculate the highest common factor of 188243 and 66.
11
Calculate the highest common factor of 4836 and 31785.
39
What is the highest common divisor of 13761 and 19599?
417
Calculate the greatest common factor of 3256 and 48433.
407
Calculate the highest common divisor of 7001958 and 1686.
1686
Calculate the highest common factor of 1491 and 8520.
213
Calculate the highest common factor of 731541 and 354.
177
What is the greatest common divisor of 25607 and 58?
29
What is the highest common divisor of 49158 and 12?
6
What is the highest common factor of 300 and 63750?
150
Calculate the highest common divisor of 2548 and 624.
52
Calculate the highest common factor of 23947 and 11.
11
Calculate the highest common divisor of 39558 and 402.
6
Calculate the highest common divisor of 150 and 265780.
10
Calculate the greatest common factor of 1048 and 163.
1
Calculate the highest common factor of 168 and 1113.
21
Calculate the greatest common factor of 17537 and 77311.
247
What is the greatest common factor of 28 and 1897826?
14
What is the highest common divisor of 158290 and 110?
110
Calculate the highest common factor of 115050 and 1050.
150
Calculate the highest common divisor of 238365 and 9.
9
What is the greatest common divisor of 391 and 989247?
17
What is the highest common divisor of 752 and 3128?
8
What is the highest common factor of 76748 and 4?
4
Calculate the greatest common divisor of 23696 and 236.
4
Calculate the highest common divisor of 2310 and 30910.
110
Calculate the highest common factor of 1638 and 50526.
126
What is the highest common factor of 2294236 and 56?
28
What is the greatest common factor of 27 and 1624?
1
Calculate the highest common divisor of 8629 and 13.
1
What is the greatest common divisor of 445 and 44144?
89
Calculate the highest common divisor of 7654 and 6052.
178
Calculate the greatest common divisor of 18 and 178.
2
Calculate the highest common divisor of 93 and 56451.
93
Calculate the greatest common divisor of 5192 and 16214.
22
What is the greatest common divisor of 3165 and 60?
15
What is the greatest common divisor of 82383 and 21?
21
What is the highest common factor of 6980 and 1198466?
698
Calculate the greatest common divisor of 48 and 19644.
12
Calculate the highest common divisor of 206 and 540441.
103
Calculate the greatest common factor of 6298 and 752.
94
Calculate the highest common factor of 314048 and 3136.
448
What is the greatest common factor of 116 and 69332?
4
Calculate the highest common factor of 1295 and 23680.
185
What is the greatest common factor of 276 and 48660?
12
Calculate the highest common factor of 8 and 202.
2
Calculate the greatest common divisor of 40 and 10312.
8
Calculate the greatest common divisor of 358 and 125479.
179
What is the greatest common divisor of 22 and 121495?
11
What is the highest common factor of 61374 and 3498?
318
Calculate the greatest common factor of 1129 and 3806988.
1129
Calculate the highest common factor of 2737 and 187.
17
Calculate the highest common factor of 1005389 and 847.
847
Calculate the highest common divisor of 175 and 2285.
5
What is the highest common divisor of 15481 and 4633?
113
Calculate the greatest common factor of 625 and 71550.
25
What is the greatest common divisor of 584 and 212138?
146
What is the highest common divisor of 675 and 79623?
27
What is the greatest common divisor of 2193 and 17085?
51
Calculate the highest common factor of 3998 and 10.
2
Calculate the greatest common divisor of 6734 and 1118.
26
What is the highest common divisor of 14884 and 3843?
61
What is the highest common divisor of 189 and 4988655?
189
What is the highest common divisor of 28212 and 1032?
12
What is the highest common divisor of 92117 and 1255?
251
Calculate the greatest common divisor of 171870 and 6.
6
Calculate the greatest common divisor of 180 and 3140.
20
What is the greatest common divisor of 37597 and 63273?
917
What is the highest common factor of 1798 and 1984?
62
What is the highest common factor of 558 and 52266?
186
Calculate the highest common factor of 89217 and 46.
23
What is the greatest common factor of 40 and 61210?
10
What is the greatest common divisor of 1580 and 740?
20
Calculate the highest common factor of 65943 and 2142.
153
Calculate the greatest common factor of 795171 and 312.
39
Calculate the greatest common factor of 26 and 181389.
13
What is the greatest common divisor of 297 and 7953?
33
What is the highest common divisor of 30 and 47445?
15
Calculate the highest common divisor of 905060 and 110.
10
Calculate the highest common factor of 4266 and 1026.
54
What is the greatest common factor of 52671 and 14550?
291
What is the greatest common factor of 270 and 3267?
27
Calculate the highest common factor of 253 and 27945.
23
Calculate the greatest common factor of 434 and 391592.
62
What is the highest common factor of 505 and 326735?
505
What is the highest common factor of 168 and 156632?
56
Calculate the highest common divisor of 765261 and 14.
7
What is the highest common factor of 8159 and 82?
41
Calculate the highest common di